e r(8). Let u = 2 + 13. Suppose -u = -5*d, -3*z + 4*d + 369 = -d. Calculate the greatest common factor of z and i.
16
Let x = -3245 + 7105. Calculate the highest common factor of 20 and x.
20
Let r be (4*-3)/(4/(-10)). Suppose 4668*t + 501 = 4681*t + 111. Calculate the greatest common divisor of r and t.
30
Suppose -2*j - x - 4 = -45, x - 22 = -j. Suppose -4*l = 2*n + l - 17, -j = -4*n + 5*l. What is the highest common factor of 36 and n?
6
Let y = 1060 - 990. What is the highest common factor of 7 and y?
7
Let a be (-9 + 1155/(-44))*-16. Calculate the highest common divisor of 60 and a.
12
Suppose 2*d + 4 = -d + 4*k, -4*d - 12 = -4*k. Let x(n) = -n - 5. Let u be x(d). Suppose u*w + 0 = 108. What is the highest common factor of 4 and w?
4
Let x = 65 - 36. Suppose -x*t + 28 = -22*t. Calculate the greatest common factor of 18 and t.
2
Let x(j) = 6*j + 1 + 2 + 1 + 3. Let b(s) = -7*s - 8. Let z(w) = 2*b(w) + 3*x(w). Let l be z(7). Calculate the greatest common factor of 3 and l.
3
Suppose 10*m + 92 = 14*m. Let l = m + -18. Suppose s + 21 = 5*t, l*t + 4*s - 2*s = 18. Calculate the greatest common divisor of t and 4.
4
Let g(p) be the first derivative of -p**4/4 + 11*p**3/3 + 7*p**2 - 7*p - 12. Let b be g(12). Calculate the highest common divisor of b and 51.
17
Let h be 14*(-12)/(-6) - 7. Let g be 1*(1 + -2) - -169. What is the highest common divisor of g and h?
21
Suppose 42*v = 36*v + 810. Calculate the highest common divisor of v and 36.
9
Suppose 0 = 26*s - 173 - 5261. Calculate the greatest common factor of 11 and s.
11
Suppose -4*y + 756 = -3*c - 505, 5*y - 1615 = -4*c. Calculate the highest common factor of 29 and y.
29
Let l(c) = c**3 + 4*c**2 - c - 3. Let o be l(-3). Suppose -2*a + 15 = -o. What is the highest common divisor of 12 and a?
12
Suppose 4*i - 34 - 84 = -2*g, 5*i + 3*g = 145. Let o = 39 - i. Calculate the greatest common factor of 42 and o.
7
Suppose 1656 = 193*y - 187*y. What is the greatest common factor of y and 207?
69
Suppose 4*h + c = 5*h + 3, 3*c - 6 = 0. Let w(y) = -59*y**3 + 3*y**2 + 4*y + 2. Let q be w(h). Calculate the highest common divisor of q and 240.
60
Let z be (-4)/(-22) + (-31)/33*-3. Let g be (z/(-2 - 4))/(7/(-140)). Let b be 38/4 - (-1)/2. What is the greatest common factor of g and b?
10
Let o be (3 - -1 - -8) + 2 + 0. Suppose 6*t - 3*t - 283 = -4*b, -5*t + 285 = 4*b. Calculate the greatest common factor of o and b.
14
Suppose -5*a = -n - 11 + 36, 28 = 4*n + 4*a. Calculate the highest common factor of n and 60.
10
Suppose 4*i - 7 = -5*g, 5*g = 3*i + 2*i + 25. Suppose -5*s + 2*w - g*w + 42 = 0, 4*s = -5*w + 21. Calculate the greatest common factor of 27 and s.
9
Let c(p) = 4*p - 14. Let g be c(4). Suppose 5*w - 3 = -3*a + 2*w, 4*a - 8 = -5*w. Let y be a*(g - 5)*3. Calculate the greatest common factor of 189 and y.
27
Let p(i) = -7*i + 87. Let c be p(6). Calculate the greatest common divisor of c and 45.
45
Let n(o) = -o**3 - 7*o**2 - 10*o - 47. Let g be n(-7). Calculate the greatest common divisor of g and 2369.
23
Suppose 5*p - 1049 + 289 = 0. Let m = 218 - p. Calculate the greatest common factor of 6 and m.
6
Let g(t) be the first derivative of 6*t + 1/4*t**4 + 5/2*t**2 - 2*t**3 - 6. Let l be g(5). Calculate the highest common divisor of 3 and l.
3
Suppose 23*o = 4443 + 939. Calculate the highest common factor of 52 and o.
26
Suppose 2*d - 108 = -2*d - x, 5*d + 2*x = 132. Let r be 20/(-10) - (d + -2). Let i = r - -53. Calculate the greatest common divisor of 50 and i.
25
Suppose 5*k - 122 = -4*q - 22, -3*k = q - 25. Let x = 30 - q. Suppose t = -3*t + 200. Calculate the highest common divisor of t and x.
5
Let b(c) = -5*c**2 + 15*c - 43. Let s(v) = -2*v**2 + 7*v - 22. Let i(w) = 4*b(w) - 9*s(w). Let l be i(0). What is the greatest common divisor of 182 and l?
26
Suppose 0 = -9*x + 7*x. Suppose 2*b + 0 - 8 = x. Suppose -b*v = -3*u - 57, 4*v + 3*u + 2*u - 33 = 0. What is the highest common factor of 96 and v?
12
Suppose 0 = -4*c + 8. Let h(m) = 2*m**2 - 7*m + 13. Let a be h(2). Let o be (a - 12 - -14) + -1*1. What is the highest common factor of c and o?
2
Let q(s) = -s**2 - 12*s + 18. Let u be q(-13). Suppose 9 = 2*d - u*d. Let p be 1 + (-1)/d*0. What is the greatest common factor of p and 1?
1
Let u(k) = 7*k**2 + 3*k + 52. Let v be u(7). Calculate the highest common factor of 26 and v.
26
Let z be (-77)/22*8/(-14). Suppose z*y - 51 = 11. Calculate the greatest common factor of y and 341.
31
Suppose -2*p + p + 190 = -2*w, -3*w = -p + 195. What is the greatest common factor of p and 15?
15
Let x be 3*(6/3 - 4). Let p = x + 17. Let i be (-22)/((-4)/2)*6. Calculate the highest common divisor of p and i.
11
Suppose 0 = -a + 2*p + 22, -3*a + 24 = -2*p - 46. What is the highest common factor of 120 and a?
24
Let h be (-7)/((-2)/(-4) + 17/34). Let l be ((-9)/2)/((-50)/(-8) + h). Calculate the highest common divisor of l and 30.
6
Suppose -8 = -x + 17. Let a = -25 - -9. Let h = a + x. What is the greatest common factor of h and 81?
9
Let u(x) = 4*x**2 + 11*x - 3. Let i be u(4). Calculate the highest common divisor of 21 and i.
21
Let n = -9 - 1. Suppose -72 = 5*p + 178. Let w be p*((-15)/n - 2). What is the greatest common factor of 10 and w?
5
Suppose 151 = 8*g - 49. Suppose -7*j + 2*j + 50 = 0. What is the greatest common divisor of g and j?
5
Let c(l) = -4*l. Let i be c(1). Let o = 16 - i. Let m = -15 + 19. What is the highest common factor of o and m?
4
Suppose -4*h - 5*g + 13 + 16 = 0, 67 = 5*h - 4*g. Let o be -3 - (-10 - (-3 - -3)). Let b = o - 6. Calculate the greatest common divisor of h and b.
1
Suppose 4*d = -5*r + 8 - 1, -3*d + 9 = 5*r. Let c = -51 - -54. Let f be c/(18/44)*r. What is the highest common divisor of f and 22?
22
Let a be 0 + 2/(12/(-9) - -2). Suppose -s - 3*k = -25, 0 = -a*s + 2*s - k + 17. Calculate the greatest common factor of s and 13.
13
Let k = -214 - -502. Let y be 1 - 1*-10*2. Let a be (-163)/(-5) + y/(-35). What is the highest common divisor of k and a?
32
Let t(z) = z**3 - 2*z**2 - z - 18. Let u be t(6). Calculate the greatest common divisor of 15 and u.
15
Let x = 611 - 405. Let n be 6/(-10) - x/(-10). What is the highest common divisor of 8 and n?
4
Suppose 2*b = -4, 2*f + 3*b = 35 + 15. Let d = 0 + 4. Suppose 40 = d*z - f. Calculate the greatest common factor of 153 and z.
17
Let w be -1 + (6 - 5)*16. What is the highest common factor of w and 405?
15
Suppose 7*x + 82 = 348. Let r be (1/(-3))/(1/(-15)). Suppose 25 = 2*g + z, r*g - 3*z + x = 117. Calculate the highest common factor of g and 56.
14
Let u be 24/(-40) + 37/(-5). Let i = u + 21. Calculate the highest common factor of 52 and i.
13
Let v = 71 - 53. Suppose -h - a = -v, -5*h + 7*a - 5*a = -76. What is the greatest common factor of 4 and h?
4
Let m(t) = -9 + 34 - 2*t - 15. Let y be m(-2). Calculate the highest common factor of 35 and y.
7
Let u(l) = -l**2 - 5*l - 4. Let m be u(-3). Let j be (m*-9*1)/(-2). What is the highest common factor of j and 27?
9
Let o(z) = -z**3 - 9*z**2 - 9*z - 9. Let g be o(-8). Let q be (4 + -2)/(g/44). Let x = -57 - q. Calculate the greatest common factor of x and 62.
31
Let h be (-51)/((2 - 6) + (-195)/(-51)). What is the greatest common factor of h and 17?
17
Let u(j) = j**2 - 6*j + 4. Let v be u(6). Let x be 1/v - (-78)/8. Calculate the greatest common divisor of x and 30.
10
Let c = 5745 - 4065. What is the greatest common factor of c and 105?
105
Let o(j) = -j + 12. Let u be o(6). Let m = u - -14. What is the highest common factor of m and 50?
10
Suppose -1394 = -4*n + w + 635, -5*n + 5*w = -2555. What is the greatest common divisor of 46 and n?
46
Let j(b) = 8*b + 480. Let g be j(-59). Calculate the highest common divisor of 18 and g.
2
Suppose 0 + 29 = 2*u + y, 2*y - 19 = -u. Suppose -2 + 4 = o. Suppose 0 = 4*n - 2*k - k - 361, o*n + 2*k = 184. Calculate the greatest common factor of n and u.
13
Let i = 29 + -17. Let h(y) = -8*y - 16. Let z = -5 - 9. Let f be h(z). What is the highest common factor of i and f?
12
Suppose -q - 2 = 0, 0*o - 42 = 2*o - 3*q. Let d be (-861)/28*o/9. Suppose -5*m = -m - k - 53, 4*k - d = -5*m. Calculate the highest common factor of 70 and m.
14
Suppose 116 = 2*k + 2*q, 5*k + 3*q - 282 = 6*q. What is the highest common factor of k and 9?
3
Suppose -2*k 